. Let y(w) = w**2 - 7*w. Let n(c) = -c**2 + 7*c - 1. Let s(i) = 5*n(i) + 6*y(i). Let p be 2/4 + (-26)/(-4). Let u be s(p). Determine x(u).
2
Let u(n) = n**2 + 9*n + 1. Let c be ((-6)/15)/((-3)/(-60)). Determine u(c).
-7
Let r(f) = 8 - f**2 + 0*f + f + 6*f. Let k be r(8). Suppose k = 4*p + 5 - 13. Let z(a) = 2*a**2 - a - 1. What is z(p)?
5
Let w be -9 + 8 + 6/(4 + -1). Let j(l) = 2*l**3 + 2*l**2 - 1. What is j(w)?
3
Let m = -12 - -17. Let k be (-2)/((-1)/m*2). Let w(f) = f**2 - 4 + 2*f + 1 - k*f. Give w(5).
7
Let m(d) = -2*d**3 + d**2 + 2*d + 1. Let p = -25 - -27. What is m(p)?
-7
Let k(b) = b**2 - 5*b - 3. Suppose -z = -3*r - 4, -5*r - 9 = -2*z - 0*r. Determine k(z).
11
Let m(q) = -q**3 - 5*q**2 + 8*q. Suppose -3*u - 6 = 12. Determine m(u).
-12
Let x(g) = g. Let v = 15 - 1. Suppose -5*f + 11 + v = 0. Let u be f/(-2)*(-8)/5. What is x(u)?
4
Let u(w) = -w**3 - 3*w**2 - w + 2. Let p be (-2)/4 - (-3)/(-2). Let n be u(p). Let f(r) = n*r**3 - r**3 - 3 + 0*r**3 + 4*r. What is f(2)?
-3
Let x(t) = -t**2 - 88 - t + 88 + t**3. What is x(0)?
0
Let n be -1 + -1 + 0 + 4. Suppose -20 = -n*s - 2*s. Suppose -5*p - s*h = 0, h - 4*h + 5 = -2*p. Let y(u) = 6*u**3 - 2*u**2 - u. Give y(p).
-7
Let i(t) = -3 + 1 + t - 5 + 3. Let g be i(8). Suppose -u + g*u = -15. Let b(s) = s**3 + 6*s**2 + 5*s - 6. Give b(u).
-6
Let k(p) = p + 0*p**2 + 2*p**2 - 3*p**2 + 1. Let a = -30 - -32. Give k(a).
-1
Let f(x) = x**2 - 8*x + 9. Let i be f(8). Let r(d) = 6 - d**2 - i*d + 2*d + 2*d. Determine r(-7).
-8
Let k(x) = -x**3 - 4*x**2 - 2*x + 1. Let b be k(-2). Let q be ((-1)/b)/((-1)/(-6)). Let v(s) = -s + s**3 + 4*s**q + 6 + 3*s - 5. What is v(-4)?
-7
Let w(i) be the first derivative of i**2/2 + 4*i + 12. Let z be (-2)/(1/3 - 1). Suppose -t - 19 = 4*c, -z*c + 0*t + 5*t = -3. What is w(c)?
0
Let h(g) = 2*g - 6. Let d = -1 + 3. Let y = d - -2. What is h(y)?
2
Let x(d) = 2*d**2 + d - 1. Let w be (-5)/(-25) + (-32)/10. Give x(w).
14
Let n(j) = 3 - 18 - 36*j + 2 + 35*j. Calculate n(0).
-13
Let c(o) = -o**3 + 6*o**2 - 6*o + 5. Let z be c(5). Suppose 4*d = -0*d + p + 8, -5*d - p + 10 = z. Let y(u) = 3*u - d + u + 3 + u**2. What is y(-5)?
6
Let v(b) = 2*b - 4. Let u(r) = 2*r - 3. Let w(t) = 5*u(t) - 4*v(t). What is w(-6)?
-11
Let m(j) = -9 - 2*j + 1 - 2*j + 3*j. Give m(-5).
-3
Suppose 0*d + 10 = 2*d. Suppose 8*r + d*k = 3*r + 15, -4 = -2*r - 3*k. Let v(t) = t**3 - 4*t**2 - 4*t + 4. What is v(r)?
9
Let b = -49 - -47. Let u(x) be the second derivative of -x**3/3 - x. Determine u(b).
4
Let u(q) be the second derivative of -5*q**3/6 - q**2 - q. Give u(3).
-17
Suppose 3*x + 15 + 15 = -4*d, 3*d = -4*x - 33. Let v be (-3)/6*-6 + x. Let z(y) = -2*y**2 + 3. Let t(i) = i**2 + 1. Let b(r) = v*t(r) + z(r). What is b(1)?
-5
Let n(q) be the second derivative of q**4/12 - q**3/3 - q**2 - q. Let c = -24 - -27. Let t be 24/7 + c/(-7). What is n(t)?
1
Let u be 10*(36/(-10) + 4). Let w(q) = 5*q**3 + 5*q**2 - 3*q + 10. Let g(o) = 9*o**3 + 10*o**2 - 6*o + 19. Let d(t) = 6*g(t) - 11*w(t). Determine d(u).
8
Let l(t) = t**3 - 5*t**2 - 6*t - 6. Let b(h) = -h**3 + 10*h**2 + 12*h - 5. Let y be b(11). Calculate l(y).
-6
Let h(z) = -z**3 + 5*z**2 - 7*z + 6. Suppose 2*w - 3*f = -7, 2*w + 4*f = 17 + 11. Let r be h(w). Let q(n) = n**2 + 6*n - 5. Give q(r).
-5
Let h(d) = 4*d**2 - 4*d - 1. Let f(w) = 5*w**2 - 4*w - 2. Let k(g) = -2*f(g) + 3*h(g). Suppose 7 - 4 = i. Calculate k(i).
7
Let r(f) = -7*f + 1. Let l(y) = y**2 - y + 1. Let p be l(1). Determine r(p).
-6
Let u be (24/20)/(6/15). Let l(d) = 49 - 48 - 5*d - 3*d**2 + u*d. Calculate l(1).
-4
Let i(p) = -p. Let f(n) = n**2 + n - 2. Let w be f(2). Suppose 2*l - 5*z + 2 - w = 0, 0 = -3*l + 2*z + 14. Give i(l).
-6
Let i(b) = 5*b - 1. Let g = -34 + 32. Calculate i(g).
-11
Let b(o) = -2*o + 2*o + o + 10. Let v(c) = -3*c + 63. Let m be v(23). What is b(m)?
4
Let j(x) = -1 + x**2 - x - 5*x + 4 - 2*x. Calculate j(7).
-4
Let o(j) = j + 3. Let c(l) = 3*l + 9. Let z(s) = -2*s - 10. Let i be z(-8). Let p(r) = i*c(r) - 17*o(r). Give p(0).
3
Let q(p) = -p**3 + 5*p**2 + p - 7. Let d(y) = -y**2 + 2*y + 1. Let h be d(-2). Let z = h + 12. Give q(z).
-2
Let q(j) = -3*j**3 - 2*j**2 - 2*j. Let r(z) = -8*z**3 - 5*z**2 - 5*z. Let u(o) = -11*q(o) + 4*r(o). Suppose 0 = n + 2*n + 6. Determine u(n).
-4
Let c(p) = -12*p - 3. Let x be c(-1). Let r(q) = -q**2 + 9*q - 6. Give r(x).
-6
Let u(n) = n + 1. Suppose 4*x = 4*y + 16 - 48, 0 = -4*y - 4*x - 8. Suppose -y = 5*r - 8. Let i = 4 - r. Give u(i).
4
Let q(h) be the second derivative of -h**4/12 - h**3/2 - h**2 + 3*h. Determine q(-5).
-12
Let m be (-15)/(-10)*4/6. Suppose 0 = -2*i - m + 5. Let g(x) be the first derivative of x**2/2 + 1. Give g(i).
2
Let d = 9 - 4. Let i(k) = -k**2 + 4*k**3 - 4*k**2 - 4 - d*k**3. Determine i(-5).
-4
Let i(x) = -6*x**3 + 2*x**2 - 1. Suppose -12 = 3*n - 0*n. Let p be n/6*3 - 1. Let r be (p - -5)*1/(-2). Determine i(r).
7
Suppose 2*c = 6*c - 2*l + 18, 12 = -4*c + 4*l. Let x(g) = -g**3 - 5*g**2 + 7*g + 7. Calculate x(c).
1
Let w(m) = m**2 - 7*m - 4. Suppose 0 = 2*k + 3*t - 19, -4*k = -3*t - t - 68. Suppose -g - k = -3*g. Determine w(g).
-4
Let x(q) = -5*q + 4*q - 1 - 8*q. Let f(p) = -2*p + 45. Let d be f(23). Give x(d).
8
Let t(s) = -s**2 - s + 2. Suppose 0*o - 30 = -5*o. Suppose -a + 4*a = 0. Suppose a = -2*r + o - 0. What is t(r)?
-10
Let b(s) = -s + 8. Let g be b(13). Let d(y) be the second derivative of -2*y + 7/2*y**2 + 1/20*y**5 + 0*y**3 + 5/12*y**4 + 0. Calculate d(g).
7
Let h(p) = -p**3 + 12*p**2 - 12*p + 17. Let g be h(11). Let i(n) = -n**2 + 7*n + 2. What is i(g)?
8
Let i(b) = 5*b**3 + 4*b**2 + 9*b. Let v(a) = -a**3 + a**2 - a - 1. Let d(n) = -i(n) - 4*v(n). Calculate d(-7).
-10
Suppose -5*x + v + 11 = 0, -v + 0 + 4 = 0. Let a(w) = -w**3 + 2*w**2 + w - 2. Determine a(x).
-8
Let z(h) = 3*h**2 + 3*h + 3. Suppose 20 = -5*o - 3*l - 2*l, 0 = -4*l - 4. What is z(o)?
21
Let l(f) = f - 7. Let t = -8 + 8. Let z = t + 0. Calculate l(z).
-7
Let l(d) be the first derivative of -3*d**2/2 - d - 13. What is l(-1)?
2
Let z(l) be the first derivative of -l**3/3 + 5*l**2 - 4*l - 44. What is z(6)?
20
Let b(w) = -253*w + 96*w + 99*w + 83*w. Calculate b(1).
25
Suppose -2*w = 2*w - 4. Let r(g) = 3 + 2*g + 5*g**2 - 3*g**2 - g**3 - w. Give r(3).
-1
Let r(a) = -2 - a**3 + 0*a + 0*a + 4*a**2 - 3*a. What is r(3)?
-2
Let j = 4 - 2. Suppose 4*b - j = 14. Let a(s) = s**3 - 4*s**2 - s + 4. Give a(b).
0
Suppose 5*q = -5 + 25. Let g(a) = -a**3 + 4*a**2 + 3*a - 5. Give g(q).
7
Let f(i) = -4 + 5*i**2 + 0 - 3 - 5*i + i**3. Give f(-6).
-13
Let y = -101 + 105. Let i(m) = -m**2 + 4*m + 3. Give i(y).
3
Let a(d) = 3*d + 4. Let l be a(-3). Let q(u) = 11*u**3 + 19*u**2 - 7*u - 5. Let o(h) = -5*h**3 - 9*h**2 + 3*h + 2. Let i(t) = 9*o(t) + 4*q(t). Calculate i(l).
3
Let d(b) = b**3 - 8*b**2 + b - 2. Let y be d(8). Suppose 4*o - 22 - y = 0. Let i(k) = 2 - k - o + 4. Calculate i(-6).
5
Let p(w) = -w**3 - 2*w**2 + w - 1. Suppose 12 = 43*d - 47*d. Determine p(d).
5
Let h(n) be the third derivative of 0 + 0*n + 1/2*n**3 + n**2 - 1/24*n**4. Calculate h(-4).
7
Suppose -3*b + 24 = 3*t, 2*b - 3*t = -t + 4. Let h(r) = -r + 1. Determine h(b).
-4
Let y(q) = -q**3 - q**2 - 10*q + 4. Let d(h) = -h**2 + h - 1. Let p(o) = -6*d(o) - y(o). Give p(-6).
14
Suppose 36*g - 33*g = 0. Let c(x) be the second derivative of 1/12*x**4 - 1/2*x**2 + g + 4*x + 5/6*x**3. Give c(-5).
-1
Let l(m) = 2*m. Suppose 0 = o + q + 4, o + 5*q + 33 - 9 = 0. Suppose -2*h + 6 = t, 0 = 2*t + h + 5 - 14. Suppose -t*k + p = -18, -p = k - 4*p + o. What is l(k)?
10
Let w = 7 - 6. Let k(b) = b**3 - 7*b**2 - 5*b - 1. Let g(x) = -x**2 + 1. Let q(s) = w*k(s) - 2*g(s). Determine q(6).
3
Let x(t) be the third derivative of t**5/60 + t**4/12 + t**3/2 + 3*t**2. Suppose -17 = 5*i - 7. Give x(i).
3
Suppose -5*u = -7*u - 20. Let l(q) = q**3 + 9*q**2 - 9*q + 13. Determine l(u).
3
Let q(r) be the third derivative of -r**4/24 - r**3/6 + 15*r**2. Let b(w) = -w**3 - w**2 - w - 6. Let i be b(0). Give q(i).
5
Let s(r) = -13*r. Suppose 2*n - 10 = 5*z - 10*z, 0 = -4*z + 8. Suppose w + n*w = 1. Determine s(w).
-13
Let b(p) be the third derivative of p**6/120 + p**5/10 + p**4/3 + p**3/2 + 15*p**2. Give b(-5).
-12
Let w(o) be the third derivative of o**9/60480 + o**8/5040 + o**7/2520 + o**5/10 - o**2. Let q(s) be the third derivati